*7/840 - i**6/72 - i**5/24 + i**4/24 + 3*i**3/2 - 4*i**2. Let c(r) be the first derivative of s(r). Calculate c(-4).
5
Let w(i) = 4*i. Let t be w(3). Suppose -4 = 4*q - t. Let x(c) = 4 - 6*c + c**2 - 3*c**2 + 3*c**q. What is x(4)?
-4
Let m be 5 + 1*(-2)/2. Suppose r + 4 = 2*r. Let d = m - r. Let t(w) = w - 5. What is t(d)?
-5
Let u(m) = 3*m - 35 - m + 5*m**2 + 34. Determine u(1).
6
Let i(z) = z**2. Let j(x) = -4*x**2 - 4*x - 4. Let f(l) = -3*i(l) - j(l). Let m(d) = d**3 - d - 4. Let q be m(0). What is f(q)?
4
Suppose -3 + 2 = y. Let r(q) = 5*q. Determine r(y).
-5
Let c(j) be the first derivative of -9*j**2/2 + 2*j - 11. Determine c(2).
-16
Let u = -2 + 4. Suppose 5*z - 13 = u. Let m(j) = -1 - 1 - z*j + 0*j - 2*j**2. Calculate m(-2).
-4
Suppose -5*m = -13 - 7, m = 3*c - 5. Let u(g) = 0*g + 5*g + c*g - g. What is u(-2)?
-14
Let n(i) = i - 1. Let u = 2 - -3. Suppose 0 = u*h + 2*d - 0*d - 10, d - 11 = -4*h. Give n(h).
3
Let u(g) be the first derivative of -g**3/3 + 2*g**2 - 2*g + 38. Calculate u(5).
-7
Let m be (-2)/(-6) - (-14)/21. Let r(i) = 9*i**2 + 3*i + 5. Let d(v) = -5*v**2 - 2*v - 3. Let f(k) = -5*d(k) - 3*r(k). Determine f(m).
-1
Let x(h) be the first derivative of 0*h**2 + h + 0*h**4 - 1/6*h**3 - 2 - 1/20*h**5. Let t(y) be the first derivative of x(y). Determine t(0).
0
Let q(l) = -4*l**2 + l + 2. Let b(u) = -11*u**2 + 3*u + 6. Let y(c) = 3*b(c) - 8*q(c). Let z be y(2). Let f(t) = -t**3 - t**2 + t + 5. Calculate f(z).
5
Let q(i) = -2*i + 5. Suppose 4*b + 23 = 3*v + 3, 0 = -2*v - 2*b + 4. What is q(v)?
-3
Let r(u) be the first derivative of -2*u**4/3 - 5*u - 4. Let x(f) be the first derivative of r(f). Determine x(1).
-8
Suppose o - 10 = -2*b, 0*b - 5*o + 6 = -b. Suppose -b*n + 5 = -3*n. Let k(c) be the first derivative of -c**3/3 + 3*c**2/2 + 2*c - 1. Give k(n).
-8
Let t(f) be the third derivative of f**4/24 + 5*f**2. Let h(b) = -b**2 - 2*b - 2. Let d(m) = -h(m) + 4*t(m). Determine d(-5).
-3
Let q(v) = -v**3 - 13*v**2 - 21*v + 12. Let x be q(-11). Let t(i) = -5*i**3 - 2*i + i**2 + 2*i**3 - 3*i**3 + 1. Determine t(x).
-6
Let z(q) = -q - 6. Let b be 1*-1 - 8/4. Let t be 4/6 + 44/b. Let p = 9 + t. Calculate z(p).
-1
Let t be ((-1)/(-1) - 0)*-3. Let u(o) = -5*o**2 - 4*o - 3. Let q(p) = 2*p**2 + 3*p - 3*p - 3*p**2. Let n(h) = 4*q(h) - u(h). Determine n(t).
0
Let t(p) = 2*p - 4. Let f = 6 + -10. Give t(f).
-12
Suppose 0 = -t - d + 2, 2*t + 2*d = -2*t + 16. Let a(w) be the second derivative of 9/2*w**2 + 0 - 1/3*w**3 - 6*w. Determine a(t).
-3
Let r(o) = -o**3 - 5*o**2 - 2*o - 2. Let h = 25 - 30. What is r(h)?
8
Let y(k) = k**2 - 4*k + 1. Suppose -2*v - 406 = -5*l, -5*v = -3*l - 2*v + 249. Let f(d) = d + 1. Let u be f(-2). Let z be u/3 - l/(-15). Determine y(z).
6
Let b be ((-10)/(-4))/(1/2). Let n(h) = -4*h + 0*h - b + 5*h - h**2. Suppose 0*x - 2*x = 0. Determine n(x).
-5
Let x(z) = z + 5. Suppose 5*y + 3*g + 21 = -20, 3 = -y + 2*g. Let a be (-13)/(-3) + y/21. Suppose 8*s + u = 3*s - 22, -2*s - 16 = a*u. What is x(s)?
1
Let z(a) be the second derivative of a**3/6 + 3*a**2/2 + 8*a. Determine z(-3).
0
Let b(l) be the third derivative of -l**5/60 - 5*l**4/24 + l**3/2 + 44*l**2. Calculate b(-5).
3
Let a be (-1)/(-3)*(1 + -13) - -4. Let y(q) = -q**2 + 8. Give y(a).
8
Let g(p) be the first derivative of -2*p**3/3 - p**2/2 + 2*p - 51. Suppose z = 3*v + 1 - 0, 4*v = z - 3. Determine g(v).
-4
Let s(c) = -c**3 + 4*c**2 - c - 1. Let y be -1*(-7 - 2)*1. Suppose -5*l = h - 15, 7*l - 4*l + h - 11 = 0. Suppose -y = -5*n + l*n. Give s(n).
5
Let f(l) be the first derivative of 1 + l + 1/4*l**4 + 2*l**3 + 3*l**2. Determine f(-4).
9
Let k(g) = -5 - 7 + 26 + 8*g - 12. Calculate k(-2).
-14
Let d = 15 - 11. Let c(y) = -5*y + 2 + 4*y**2 + 0*y**2 - y**3 + 6*y. Determine c(d).
6
Let g(b) = -b**3 - b**2 + b - 5. Let u(l) = -l**3 - 6*l**2 - 2*l - 6. Let v be u(-6). Let t be (0 - 0)/2 - -2. Suppose -t*i + v*i = 0. Calculate g(i).
-5
Let a(p) = -p**3 - 2*p**2 + 1. Let t(o) = o**3 + 4*o**2 - 3*o + 7. Let h be t(-5). Give a(h).
10
Let d(h) = h**3 + 10*h**2 + h - 1. Let x(m) = -m**3 - 11*m**2 + 2. Let r(w) = 6*d(w) + 5*x(w). Determine r(-4).
-4
Let c(r) = r**3 - 2*r**2 - 2*r - 1. Let y(d) = -3*d**3 + 5*d**2 + 5*d + 2. Let z(j) = -5*c(j) - 2*y(j). Suppose -16*k = 14*k. Determine z(k).
1
Let w(p) be the first derivative of -1/2*p**2 - 1 + 0*p + 1/3*p**4 + 1/6*p**3. Let l(n) be the second derivative of w(n). Calculate l(-1).
-7
Suppose 5 = -6*z - 31. Let j(l) = l**2 + 8*l + 9. What is j(z)?
-3
Suppose 4 = 6*y - 2. Let l(w) = -w - 5. Let c(u) = 4. Let a(t) = 6*c(t) + 5*l(t). Calculate a(y).
-6
Let w = 29 - 27. Let q(c) = 2*c**3 - 3*c**2 + c + 2. Give q(w).
8
Let a(m) = 4*m + 5*m - 8*m - m**3 - 7. Give a(0).
-7
Let v = 4 - 4. Suppose -2*p + v*p - 5*b = -14, 0 = p + 2*b - 6. Let r(t) = 1 + 4*t**2 + p*t - 1 + t**3. Determine r(-4).
-8
Let r(i) = -2*i - 1. Let u(f) = f**2 - 5*f. Suppose -7 + 25 = 4*x + a, a = 2. Let n be u(x). Calculate r(n).
7
Let r(k) = k**3 + k + 1. Let s(t) = -3*t**3 - 6*t**2 - t + 2. Let u(b) = -4*r(b) - s(b). Give u(5).
4
Let l(y) = -y**2 + y + 1. Suppose 5*r = p - 7 - 22, r - 15 = -5*p. Let v(j) = -3*j**2 + 11*j. Let k(z) = p*l(z) - v(z). Determine k(-7).
4
Let s(c) be the first derivative of c**4/4 + 2*c**3 + 7*c**2/2 + 4*c + 7. Determine s(-5).
-6
Let v(u) = -8*u**3 + 4*u**2 + 7*u - 8. Let d(j) = -7*j**3 + 3*j**2 + 6*j - 7. Let i(x) = 7*d(x) - 6*v(x). Determine i(-2).
-5
Let x(u) = -u**2 - 6*u + 2. Suppose -l = -2*c, -c = 5*l - l + 18. What is x(l)?
10
Let f(a) = 2*a**3 - 4 - 22*a + 5 + 2*a**2 + 19*a. Calculate f(2).
19
Let z(q) = -6*q**3 + 2*q**2 + 2*q + 1. Let t = 124 - 125. Give z(t).
7
Let z(y) = -7*y + 5. Let u(k) = 21*k - 14. Let l(w) = 4*u(w) + 11*z(w). Calculate l(-1).
-8
Let m(n) = n**3 + 3*n**2 - 8*n + 1. Let k(z) = 2*z**3 + 6*z**2 - 15*z + 1. Let j(t) = 3*k(t) - 5*m(t). What is j(-4)?
2
Let m = 1 + 19. Let z be (-4)/6 + m/3. Let v(h) = 6*h - 8 + h**3 + 4 - z*h**2 + 1. Determine v(5).
2
Let q(m) = m**2 + m + 18. Let y(i) = i**3 + 4*i**2 - 4*i + 5. Let a be y(-5). Calculate q(a).
18
Let i(y) be the third derivative of -7*y**5/60 - 6*y**2. What is i(-1)?
-7
Let c(z) = 3*z**2 + z. Suppose 3*f = -t + 10, -3*f + 6 = -t - 2*t. Determine c(t).
4
Let g(q) = -q**2 - 7*q - 5. Let m be g(-6). Let l(p) = -7*p**3 + 2*p**2 - 1. What is l(m)?
-6
Let t(f) = -8*f**2 + 1. Suppose -3*p = p - 4. Determine t(p).
-7
Let k = 1 + 3. Let d(r) = -3*r**2 + 5*r - 2. What is d(k)?
-30
Let k be 0 + (2*-6)/(-1). Suppose 2*d + k = -d. Let n(u) = 2 + 0*u**3 - 3*u**3 - 4*u**2 + u + 2*u**3 + 0*u**2. Calculate n(d).
-2
Let q(g) be the third derivative of g**6/120 - g**5/12 + g**3 + 11*g**2. What is q(5)?
6
Let v be (-16)/(-80) + 41/(-5). Let a(f) = -f**2 - 8*f. What is a(v)?
0
Suppose 0*t - 12 = -3*t. Let c(f) be the third derivative of f**6/120 - f**5/15 + f**4/12 - f**3 - 12*f**2. What is c(t)?
2
Let l(d) = -2*d + 5. Let o(j) = -j + 4. Let n(h) = -3*l(h) + 4*o(h). Determine n(4).
9
Let c(z) be the third derivative of 0*z**4 + 0*z - 1/120*z**6 - 1/12*z**5 - 2*z**2 - 2/3*z**3 + 0. Calculate c(-5).
-4
Let i(l) = -l**3 - 11*l**2 - 11*l + 11. Let f(r) = 2*r**3 + 11*r**2 + 10*r - 12. Let s(x) = -2*f(x) - 3*i(x). What is s(12)?
3
Let v(a) = 3*a**2 + 2. Suppose 3*i - 16 = -2*b - 0*i, 0 = -3*b - 4*i + 22. Give v(b).
14
Let q(c) = c**3 + 5*c**2 + 10*c + 1. Let x(a) = -a + 1. Let k(o) = -q(o) - 5*x(o). Determine k(-4).
-2
Suppose -2*a = 0, 0 = -0*m + 2*m - 4*a + 2. Let q(c) = 6*c**2 - 2*c - 1. Determine q(m).
7
Suppose 0 = -2*c + v - 15, 5*c - 3*v = 3*c - 25. Let x(s) = -s - 6. Calculate x(c).
-1
Let d(n) = n**3 + 2*n**2 - 3*n + 3. Let z be d(-3). Let v(x) = -2 + 5*x**2 + z*x + 6*x - 4*x**2 + 10. Let s be (-34)/6 + (-6)/18. Calculate v(s).
-10
Let s(q) = -q**2 - 12*q + 12. Let f(z) = 3*z - 3. Let u(d) = -9*f(d) - 2*s(d). Let m be (-480)/(-255) + (-4)/(-34). Give u(m).
5
Suppose 5*s + 35 = k, -s + 0*k - 2*k + 4 = 0. Let g(x) = 7 - 6 + 8 + 2*x. Determine g(s).
-3
Let p(o) = -o**3 + 10*o**2 - 9*o + 10. Suppose 3*j - 12 = 4*i + 35, -5*j = 5*i - 20. Give p(j).
10
Suppose 0 = 5*z + 7 - 2. Let w(v) = -2*v**2 + 2*v + 1. Let y be w(z). Let f(t) = -3*t - 2. Calculate f(y).
7
Let r = 22 - 11. Let a = r + -13. Let u(q) = -3*q**2 - 6*q - 4. Let z(g) = -3*g**2 - 7*g - 5. Let d(k) = 4*u(k) - 3*z(k). Cal